 What is the greatest common divisor of 15 and m?
5
Suppose -5*g + 104 = -g. Calculate the highest common factor of 26 and g.
26
Let q be (-63)/45*(1 + -6). Let p(y) = 10*y - 2. Let k be p(3). What is the highest common factor of q and k?
7
Suppose 2*s + 2*u + 0*u - 18 = 0, -16 = 4*u. Calculate the greatest common factor of s and 143.
13
Let p(v) = -v**2 + 17*v + 19. Let y be p(9). What is the highest common factor of 13 and y?
13
Let s = -4 - 6. Let n(f) = -f**3 - 6*f**2 + 4*f - 8. Let b be n(s). What is the greatest common divisor of 32 and b?
32
Let z = 219 + -84. What is the greatest common divisor of z and 27?
27
Let r be 3/12 - 34/8. Let t(l) = 3*l**2 + 3*l. Let k be t(r). Calculate the greatest common divisor of k and 9.
9
Let b be (-115)/(-10) - 1/(-2). Calculate the highest common factor of b and 72.
12
Let p be 1*-1*(-4 + 0). Let i be 2 + ((-10)/3)/((-1)/3). Suppose -i = 3*q, 2*q = -2*h - 2*q - p. What is the greatest common factor of h and 54?
6
Suppose x + 4 = -5. Let c = 5 + x. Let l be 4/(c/(-9)) + 0. What is the highest common divisor of 18 and l?
9
Let n = 32 - 28. What is the greatest common divisor of 2 and n?
2
Let i = 98 + -93. Let p(v) = -v + 10. Let h be p(5). What is the highest common factor of i and h?
5
Let d(p) be the third derivative of p**6/12 + p**4/12 - p**2. Let i be d(2). Let h be (-84)/(-8)*4*(-1)/(-3). Calculate the greatest common factor of i and h.
14
Let m = 31 - 8. Let w = m - 32. Let s = -2 - w. What is the greatest common divisor of 42 and s?
7
Let w be ((-9)/12)/(10/(-2800)). What is the greatest common factor of w and 30?
30
Let z(y) = 17*y**2 - 3*y - 2. Let b = -16 - -14. Let m be z(b). What is the highest common divisor of 18 and m?
18
Let o(g) = 14*g + 3. Let c be o(4). Let i = 97 - c. What is the greatest common factor of i and 19?
19
Suppose 4*f = 4*q - 504, -380 = -5*q - f + 250. What is the highest common factor of q and 18?
18
Suppose 5*l - 69 = 3*m, m + 14 + 37 = 4*l. Let s = 13 - 9. Let v = 100 - s. Calculate the greatest common divisor of l and v.
12
Let a(i) = -i**2 - 2 + 6 - 4 - 46*i**3. Let u be a(-1). Calculate the highest common divisor of 30 and u.
15
Suppose 4*s - 98 - 48 = -3*h, 5*s + 3*h - 181 = 0. What is the greatest common factor of s and 5?
5
Let b = -6 + 8. Suppose 7 = b*r - 27. What is the greatest common factor of r and 85?
17
Suppose 158 - 658 = -5*x. Let k = 61 - 41. What is the greatest common factor of k and x?
20
Suppose v = q + 2, 3*q - 8 = 4*q - 3*v. Calculate the greatest common divisor of q and 11.
1
Let x(n) = -2*n - 2*n**2 - n**3 - 6 + 12 + 5*n**3. Let l be x(3). Calculate the highest common factor of 18 and l.
18
Let b(d) = 2*d**3 - 4*d - 3. Let c be b(-2). Let h(u) = u**3 + 11*u**2 - 6*u - 6. Let m be h(c). What is the highest common factor of 15 and m?
15
Let z be (1 - -1) + -11 + 12. What is the highest common factor of 12 and z?
3
Let o = -4 - -8. Suppose 18 + 188 = 3*t - 4*i, -o*t + i = -279. Let k be (-6)/4*28/(-3). What is the greatest common factor of t and k?
14
Suppose 0 = -3*x + 8*x. Suppose -5*m + 3*m + 248 = x. Calculate the highest common divisor of 31 and m.
31
Let r = 5 + -2. What is the highest common divisor of 1 and r?
1
Let z(h) be the second derivative of -h**3/3 - h**2/2 - 3*h. Let w be z(-6). What is the highest common factor of 110 and w?
11
Let x be ((-11)/(-5) - -1)/((-12)/(-270)). What is the highest common factor of x and 180?
36
Let u be (-92)/(-6)*(-69)/(-23). What is the greatest common factor of u and 69?
23
Let h be (6*1)/(2 - 116/64). Calculate the highest common divisor of 256 and h.
32
Suppose 42 = 14*w - 11*w. Let n = -155 - -225. Calculate the highest common factor of n and w.
14
Let q(z) = -z**2 - 4*z + 4. Let u be q(-4). What is the greatest common divisor of 5 and u?
1
Let f = -147 - -211. Calculate the highest common factor of 8 and f.
8
Let h(k) = 7*k - 1. Let q be h(1). Calculate the highest common divisor of q and 12.
6
Let o(z) be the second derivative of 9*z**5/20 - z**4/12 + z**3/6 - z. Let u be o(1). Let j be (54/4)/(u/12). What is the highest common divisor of 12 and j?
6
Let n(a) = 3*a - 3. Suppose -3*h + 4*y = 5*y - 13, 0 = -h + 4*y - 13. Let q be n(h). Suppose 3*d = -0*d + 9. What is the greatest common factor of d and q?
3
Suppose 0 = 55*w - 51*w - 8. Calculate the highest common factor of 8 and w.
2
Let p = 0 + -3. Let i = 2 - p. Suppose 2*t + 6 = i*t. Calculate the greatest common factor of t and 10.
2
Let k(q) be the second derivative of 19*q**5/10 + q**4/6 - q**3/3 + q**2/2 - 5*q. Let d be k(1). Calculate the greatest common divisor of 13 and d.
13
Let s(k) be the first derivative of -25*k**2/2 + 2*k - 1. Let x be s(-3). What is the greatest common divisor of 7 and x?
7
Let p(g) = 10*g**2 - 8*g - 14. Let y be p(-2). What is the highest common factor of y and 18?
6
Let u(t) = t**3 + 9*t**2 + 7*t - 3. Let l be u(-8). Let j = 37 - 17. Calculate the greatest common factor of l and j.
5
Let k(y) = 3*y + 11 + 0 - 2*y. Let a be k(-7). Let c = -1 + 5. What is the greatest common divisor of c and a?
4
Suppose 42 = 2*t - 0*t - 4*k, -t = -3*k - 26. Suppose 4*g - 245 = -25. Calculate the greatest common factor of t and g.
11
Suppose -7 = 4*f - 43. Let g = 28 - 10. What is the greatest common divisor of f and g?
9
Suppose -g = -2*g. Suppose -3*m - 37 + 16 = g. Let i = m - -77. What is the highest common divisor of i and 10?
10
Suppose 0*x - 4*x = -2*l - 222, 171 = 3*x - 3*l. Calculate the greatest common factor of 36 and x.
18
Let w(p) = 23*p**2 + 5*p - 4. Let g be w(-5). Let o be (-4)/(-16) + g/(-8). Let l = -38 - o. Calculate the highest common factor of 45 and l.
15
Suppose -5*u = -u - 5*n - 342, -5*n = -10. What is the highest common factor of 11 and u?
11
Let v be ((-3)/(-9))/(2/6). Let h be (-6)/(1/(v/(-1))). Let l = 4 - -2. Calculate the greatest common factor of l and h.
6
Let b(n) = -13*n - 3. Suppose z + 4 = 1. Let u be b(z). Calculate the highest common divisor of 12 and u.
12
Let m(i) = -i**3 - 11*i**2 - 20*i + 2. Let z be m(-9). Let y(q) = -6*q**3 + 2. Let l be y(-2). What is the highest common factor of z and l?
10
Suppose -5*x = d + 4*d + 120, 3*d + 69 = -4*x. Let n = d - -42. Let h be n/(-6)*22/(-5). Calculate the greatest common factor of 33 and h.
11
Suppose 0 = y + 3*d - 28, 3*y - 10 = 4*d + 9. Let a be ((-224)/21)/(-16) - (-427)/3. What is the highest common factor of y and a?
13
Suppose 2*m - 2*f - 18 = 0, -21 = -2*m - 2*m + f. Suppose d = -m*x + 28, 0 = d + 3*d - 4*x - 12. Calculate the highest common factor of 8 and d.
8
Let v(t) = 41*t - 3. Let x = -1 - -4. Let f be v(x). Calculate the greatest common divisor of f and 15.
15
Let j = -17 - -24. Let r = 6 + 1. Calculate the highest common factor of j and r.
7
Let i be (-3)/6*(1 - 77). What is the highest common divisor of 19 and i?
19
Suppose 0 = 5*r - 2*b + 32, -r - 3*b - 5 + 2 = 0. Let t be 2/(0 + r/(-51)). Calculate the highest common divisor of t and 85.
17
Suppose -3*x = x. Suppose x = -4*v - 26 + 86. What is the highest common divisor of 10 and v?
5
Suppose y + 3*y - 17 = w, -5*w = -3*y + 34. Suppose 5*v - 2 = y*v. Let g(l) = 13*l**2 + 2*l - 1. Let h be g(v). What is the greatest common divisor of h and 98?
14
Suppose 0 = -5*q + 3*q + 16. Let f be (18/15)/((-3)/(-80)). Let m = f + 40. Calculate the greatest common divisor of m and q.
8
Let f = -196 - -221. Let l(z) = -3*z - 4. Let d be l(-3). What is the highest common divisor of f and d?
5
Let j = -55 - -120. Calculate the greatest common factor of j and 26.
13
Suppose -5*b = -b - 3*y + 1, 5*b + 2*y = 16. Suppose 0 = 3*i - 5 + b. Calculate the highest common factor of i and 1.
1
Let l be (36/10)/(2/5). Suppose -4*q + q - l = 0. Let w be 8*(2/4 - q). What is the highest common factor of 70 and w?
14
Let d be 3 + -14*(-1)/1. Let m = d - 3. What is the highest common divisor of 21 and m?
7
Suppose 3*a - 37 = -10. Suppose -3*l = l + 5*p - 25, -3*l - 2*p = -10. Suppose l = -3*h + 6 - 3. Calculate the greatest common divisor of h and a.
1
Let x = -62 - -77. What is the highest common factor of 5 and x?
5
Let p be (26 + -1)*(0 - -1). Calculate the highest common divisor of p and 200.
25
Suppose 0 = -24*l + 22*l + 16. What is the highest common divisor of 64 and l?
8
Suppose 3*v - 6*j - 3 = -j